{"id":379803,"date":"2023-02-18T16:32:46","date_gmt":"2023-02-18T20:32:46","guid":{"rendered":"http:\/\/primermomento.com\/?page_id=379803"},"modified":"2024-06-01T19:45:29","modified_gmt":"2024-06-01T23:45:29","slug":"politica-de-privacidad","status":"publish","type":"page","link":"https:\/\/primermomento.com\/?page_id=379803","title":{"rendered":"Pol\u00edtica de privacidad"},"content":{"rendered":"\r\n<p>Esta pol\u00edtica de privacidad se ha elaborado para servir mejor a aquellos que est\u00e1n preocupados por su informaci\u00f3n y seguridad de identificaci\u00f3n personal, la cual podr\u00eda utilizarse para contactar o localizar a un individuo dentro de un contexto determinado. Reiteramos que recopilamos, usamos, protegemos o manejamos solo con el prop\u00f3sito de de tener sus datos personales.<\/p>\r\n\r\n\r\n\r\n<p><em>\u00bfQu\u00e9 informaci\u00f3n personal recopilamos de las personas que visitan nuestro portal digital?<\/em><\/p>\r\n\r\n\r\n\r\n<p>Al registrarse en nuestro sitio peri\u00f3dico electr\u00f3nico, es posible que se le solicite que ingrese su direcci\u00f3n de correo electr\u00f3nico, n\u00famero de tel\u00e9fono u otros detalles para ayudarlo con su experiencia.<\/p>\r\n\r\n\r\n\r\n<p><em>\u00bfC\u00f3mo usamos su informaci\u00f3n?<\/em><\/p>\r\n\r\n\r\n\r\n<p>Podemos usar la informaci\u00f3n que recopilamos cuando se registra, realiza una compra, responda a una encuesta o comunicaci\u00f3n de marketing, navegue por el sitio web o use otras caracter\u00edsticas del sitio de las siguientes maneras:<\/p>\r\n\r\n\r\n\r\n<p>\u2022 Personalizar su experiencia y permitirnos entregar el tipo de contenido y ofertas de productos en las que est\u00e1 m\u00e1s interesado.<br \/>\u2022 Para mejorar nuestro sitio web y servirle mejor.<br \/>\u2022 Para permitirnos darle un mejor servicio y responder a sus solicitudes de servicio al cliente.<br \/>\u2022 Para enviar correos electr\u00f3nicos peri\u00f3dicos con respecto a su pedido u otros productos y servicios.<br \/>\u2022 Para hacerles un seguimiento de ellos despu\u00e9s de la correspondencia (consultas de chat en vivo, correo electr\u00f3nico o tel\u00e9fono)<\/p>\r\n\r\n\r\n\r\n<p><em>\u00bfC\u00f3mo protegemos tu informaci\u00f3n?<\/em><\/p>\r\n\r\n\r\n\r\n<p>No utilizamos escaneo de vulnerabilidad a los est\u00e1ndares PCI.<\/p>\r\n\r\n\r\n\r\n<ul class=\"wp-block-list\">\r\n<li>Solo proporcionamos art\u00edculos e informaci\u00f3n. Nunca pedimos n\u00fameros de tarjeta de cr\u00e9dito.<\/li>\r\n<\/ul>\r\n\r\n\r\n\r\n<p><em>\u00bfUsamos \u00abcookies\u00bb?<\/em><\/p>\r\n\r\n\r\n\r\n<p>S\u00ed. Las cookies son archivos peque\u00f1os que un sitio o su proveedor de servicios transfiere al disco duro de su computadora a trav\u00e9s de su navegador web (si lo permite) que facilita que los sistemas del sitio o proveedor de servicios reconozcan su navegador y capturen y recuerden cierta informaci\u00f3n. Por ejemplo, utilizamos cookies para ayudarnos a recordar y procesar los art\u00edculos en su carrito de compras. Tambi\u00e9n se utilizan para ayudarnos a comprender sus preferencias en funci\u00f3n de la actividad del sitio anterior o actual, lo que nos permite proporcionarle servicios mejorados. Tambi\u00e9n utilizamos cookies para ayudarnos a compilar datos agregados sobre el tr\u00e1fico del sitio y la interacci\u00f3n del sitio para que podamos ofrecer mejores experiencias y herramientas del sitio en el futuro.<\/p>\r\n\r\n\r\n\r\n<p><em>Usamos cookies para: \u00a0<\/em><\/p>\r\n<p>\u2022 Compilar datos agregados sobre el tr\u00e1fico y las interacciones del sitio para ofrecer mejores experiencias y herramientas en el futuro. Tambi\u00e9n podemos utilizar servicios confiables de terceros que rastrean esta informaci\u00f3n en nuestro nombre.<\/p>\r\n<p>Puede que su computadora le advierta cada vez que se env\u00ede una cookie, o puede optar por apagar todas las cookies. Haces esto a trav\u00e9s de la configuraci\u00f3n de su navegador. Dado que el navegador es un poco diferente, mire el men\u00fa de ayuda de su navegador para aprender la forma correcta de modificar sus cookies.\u00a0<br \/><br \/>Si apaga las cookies, algunas caracter\u00edsticas ser\u00e1n deshabilitadas. No afectar\u00e1 la experiencia del usuario que hace que la experiencia de su sitio sea m\u00e1s eficiente y puede no funcionar correctamente. Sin embargo, a\u00fan podr\u00e1 realizar pedidos.<\/p>\r\n\r\n\r\n\r\n<p><em>Divulgaci\u00f3n de terceros<\/em><\/p>\r\n\r\n\r\n\r\n<p>No vendemos, intercambiamos ni transferimos a partes externas su informaci\u00f3n de identificaci\u00f3n personal a menos que proporcionemos a los usuarios un aviso previo. Esto no incluye socios de alojamiento de sitios web y otras partes que nos ayudan a operar nuestro portal, realizar negocio o servir a nuestros usuarios, siempre que esas partes acepten mantener esta informaci\u00f3n confidencial. Tambi\u00e9n podemos divulgar informaci\u00f3n si es apropiada con el cumplimiento de la ley, hacer cumplir las pol\u00edticas de nuestro sitio o proteger nuestros derechos, propiedades o seguridad de los ciudadanos.<\/p>\r\n\r\n\r\n\r\n<p>Sin embargo, se puede proporcionar informaci\u00f3n de visitantes de identificaci\u00f3n personal no de manera personal a otras partes para marketing, publicidad u otros usos.<\/p>\r\n\r\n\r\n\r\n<p><em>Enlaces de terceros<\/em><\/p>\r\n\r\n\r\n\r\n<p>Ocasionalmente, a nuestra discreci\u00f3n, podemos incluir u ofrecer productos o servicios de terceros en nuestro sitio web. Los sitios de terceros tienen pol\u00edticas de privacidad separadas e independientes. Por lo tanto, no somos responsables por el contenido y las actividades de tales p\u00e1ginas. No obstante, buscamos proteger la integridad de nuestro portal digital y dar la bienvenida a cualquier comentario.<\/p>\r\n","protected":false},"excerpt":{"rendered":"<p>Esta pol\u00edtica de privacidad se ha elaborado para servir mejor a aquellos que est\u00e1n preocupados por su informaci\u00f3n y seguridad de identificaci\u00f3n personal, la cual podr\u00eda utilizarse para contactar o localizar a un individuo dentro de un contexto determinado. Reiteramos que recopilamos, usamos, protegemos o manejamos solo con el prop\u00f3sito de de tener sus datos [&hellip;]<\/p>\n","protected":false},"author":1,"featured_media":0,"parent":0,"menu_order":0,"comment_status":"closed","ping_status":"closed","template":"","meta":{"_bbp_topic_count":0,"_bbp_reply_count":0,"_bbp_total_topic_count":0,"_bbp_total_reply_count":0,"_bbp_voice_count":0,"_bbp_anonymous_reply_count":0,"_bbp_topic_count_hidden":0,"_bbp_reply_count_hidden":0,"_bbp_forum_subforum_count":0,"footnotes":""},"class_list":["post-379803","page","type-page","status-publish"],"_links":{"self":[{"href":"https:\/\/primermomento.com\/index.php?rest_route=\/wp\/v2\/pages\/379803","targetHints":{"allow":["GET"]}}],"collection":[{"href":"https:\/\/primermomento.com\/index.php?rest_route=\/wp\/v2\/pages"}],"about":[{"href":"https:\/\/primermomento.com\/index.php?rest_route=\/wp\/v2\/types\/page"}],"author":[{"embeddable":true,"href":"https:\/\/primermomento.com\/index.php?rest_route=\/wp\/v2\/users\/1"}],"replies":[{"embeddable":true,"href":"https:\/\/primermomento.com\/index.php?rest_route=%2Fwp%2Fv2%2Fcomments&post=379803"}],"version-history":[{"count":20,"href":"https:\/\/primermomento.com\/index.php?rest_route=\/wp\/v2\/pages\/379803\/revisions"}],"predecessor-version":[{"id":417215,"href":"https:\/\/primermomento.com\/index.php?rest_route=\/wp\/v2\/pages\/379803\/revisions\/417215"}],"wp:attachment":[{"href":"https:\/\/primermomento.com\/index.php?rest_route=%2Fwp%2Fv2%2Fmedia&parent=379803"}],"curies":[{"name":"wp","href":"https:\/\/api.w.org\/{rel}","templated":true}]}}